{"id":14,"date":"2022-02-20T13:41:39","date_gmt":"2022-02-20T13:41:39","guid":{"rendered":"http:\/\/tachyons-coeurdebourgogne.com\/?page_id=14"},"modified":"2023-02-06T15:32:11","modified_gmt":"2023-02-06T15:32:11","slug":"accueil","status":"publish","type":"page","link":"https:\/\/tachyons-coeurdebourgogne.com\/","title":{"rendered":"Accueil"},"content":{"rendered":"\n<h2 class=\"wp-block-heading\">La chambre \u00e0 tachyons : une nouvelle technologie quantique qui am\u00e9liore tous les niveaux de l&rsquo;\u00eatre.<\/h2>\n\n\n\n<p><strong>Les tachyons sont des particules subatomiques qui contiennent tout le spectre de la Lumi\u00e8re spirituelle. Elles sont les premi\u00e8res particules cr\u00e9\u00e9es par la Source\/Cr\u00e9ateur au tout d\u00e9but de cet univers. Donc elles sont une connexion directe \u00e0 la Source, et elles transmettent le plan originel de la cr\u00e9ation. Cela inclut le plan de chacun d\u2019entre nous, le plan de notre \u00e2me (qui fait partie de la Source).<\/strong> <\/p>\n\n\n\n<p><strong>Les Tachyons existent toujours simultan\u00e9ment sur tous les plans, physique, \u00e9th\u00e9rique, astral, etc. La lumi\u00e8re transporte l\u2019information, la v\u00e9rit\u00e9, et quand nous avons l\u2019information correcte, tout notre \u00eatre, tous nos corps (physique, astral, etc) peuvent se r\u00e9aligner sur cette v\u00e9rit\u00e9. Les tachyons peuvent donc initier la gu\u00e9rison de toute maladie physique, mentale, \u00e9motionnelle. C\u2019est la volont\u00e9 de la Source de gu\u00e9rir la totalit\u00e9 de la cr\u00e9ation, c\u2019est pourquoi tout est destin\u00e9 \u00e0 \u00eatre reconnect\u00e9 \u00e0 la Source et \u00e0 y \u00eatre gu\u00e9ri. Cependant, il d\u00e9pend du libre-arbitre de chaque individu de s\u2019aligner aux plans de la Source sur tous les aspects et ceci est le facteur pr\u00e9dominant, d\u00e9terminant la vitesse de gu\u00e9rison.<\/strong><\/p>\n\n\n\n<p><\/p>\n\n\n\n<p><\/p>\n\n\n\n<h4 class=\"wp-block-heading\" id=\"que-font-les-tachyons\"><img data-recalc-dims=\"1\" loading=\"lazy\" decoding=\"async\" width=\"67\" height=\"67\" class=\"wp-image-67\" style=\"width: 67px;\" src=\"https:\/\/i0.wp.com\/tachyons-coeurdebourgogne.com\/wp-content\/uploads\/2022\/04\/cropped-cropped-fleur-de-vie-or-e1650994357381.jpg?resize=67%2C67&#038;ssl=1\" alt=\"\" srcset=\"https:\/\/i0.wp.com\/tachyons-coeurdebourgogne.com\/wp-content\/uploads\/2022\/04\/cropped-cropped-fleur-de-vie-or-e1650994357381.jpg?w=67&amp;ssl=1 67w, https:\/\/i0.wp.com\/tachyons-coeurdebourgogne.com\/wp-content\/uploads\/2022\/04\/cropped-cropped-fleur-de-vie-or-e1650994357381.jpg?resize=35%2C35&amp;ssl=1 35w\" sizes=\"auto, (max-width: 67px) 100vw, 67px\" \/> <strong>Que font les tachyons ?<\/strong><\/h4>\n\n\n\n<p>Les tachyons sont de minuscules particules subatomiques qui voyagent plus vite que la lumi\u00e8re, ils&nbsp;sont connus pour inverser l&rsquo;entropie, de sorte qu&rsquo;ils inversent le processus de vieillissement des cellules et le syst\u00e8me immunitaire est renforc\u00e9. L\u2019\u00e9nergie tachyon est consciente, agissant et s\u2019adaptant \u00e0 la personne en totale harmonie et a des effets r\u00e9parateurs et positifs permanents et additionnels sur tous les aspects de l\u2019\u00eatre.&nbsp;<\/p>\n\n\n\n<h4 class=\"wp-block-heading\" id=\"quel-est-l-objectif-d-une-seance\"><img data-recalc-dims=\"1\" loading=\"lazy\" decoding=\"async\" width=\"67\" height=\"67\" class=\"wp-image-67\" style=\"width: 67px;\" src=\"https:\/\/i0.wp.com\/tachyons-coeurdebourgogne.com\/wp-content\/uploads\/2022\/04\/cropped-cropped-fleur-de-vie-or-e1650994357381.jpg?resize=67%2C67&#038;ssl=1\" alt=\"\" srcset=\"https:\/\/i0.wp.com\/tachyons-coeurdebourgogne.com\/wp-content\/uploads\/2022\/04\/cropped-cropped-fleur-de-vie-or-e1650994357381.jpg?w=67&amp;ssl=1 67w, https:\/\/i0.wp.com\/tachyons-coeurdebourgogne.com\/wp-content\/uploads\/2022\/04\/cropped-cropped-fleur-de-vie-or-e1650994357381.jpg?resize=35%2C35&amp;ssl=1 35w\" sizes=\"auto, (max-width: 67px) 100vw, 67px\" \/> <strong>Quel est l&rsquo;objectif d&rsquo;une s\u00e9ance ?<\/strong><\/h4>\n\n\n\n<p>La chambre \u00e0 tachyon a un effet puissant d&rsquo;harmonisation sur le corps physique, \u00e9th\u00e9rique, mental et aussi sur les plans subtils. Des blocages sont lev\u00e9s en lien avec cette vie ou \u00e0 des moments ancestraux.&nbsp;<\/p>\n\n\n\n<h4 class=\"wp-block-heading\" id=\"comment-se-deroule-une-seance\"><img data-recalc-dims=\"1\" loading=\"lazy\" decoding=\"async\" width=\"67\" height=\"67\" class=\"wp-image-67\" style=\"width: 67px;\" src=\"https:\/\/i0.wp.com\/tachyons-coeurdebourgogne.com\/wp-content\/uploads\/2022\/04\/cropped-cropped-fleur-de-vie-or-e1650994357381.jpg?resize=67%2C67&#038;ssl=1\" alt=\"\" srcset=\"https:\/\/i0.wp.com\/tachyons-coeurdebourgogne.com\/wp-content\/uploads\/2022\/04\/cropped-cropped-fleur-de-vie-or-e1650994357381.jpg?w=67&amp;ssl=1 67w, https:\/\/i0.wp.com\/tachyons-coeurdebourgogne.com\/wp-content\/uploads\/2022\/04\/cropped-cropped-fleur-de-vie-or-e1650994357381.jpg?resize=35%2C35&amp;ssl=1 35w\" sizes=\"auto, (max-width: 67px) 100vw, 67px\" \/> <strong>Comment se d\u00e9roule une s\u00e9ance ?<\/strong><\/h4>\n\n\n\n<p>Il vous suffit d&rsquo;entrer dans la chambre, de vous allonger confortablement, de vous d\u00e9tendre, l\u2019esprit libre et le c\u0153ur ouvert et de recevoir les bienfaits r\u00e9parateurs de ces minuscules particules. C&rsquo;est un vrai moment de paix intense et de recentrage sur soi-m\u00eame. Il est recommand\u00e9 de boire beaucoup d\u2019eau pendant cette p\u00e9riode.<\/p>\n\n\n\n<h4 class=\"wp-block-heading\" id=\"quels-types-de-perceptions-peut-on-avoir-au-cours-d-une-seance\"><img data-recalc-dims=\"1\" loading=\"lazy\" decoding=\"async\" width=\"67\" height=\"67\" class=\"wp-image-67\" style=\"width: 67px;\" src=\"https:\/\/i0.wp.com\/tachyons-coeurdebourgogne.com\/wp-content\/uploads\/2022\/04\/cropped-cropped-fleur-de-vie-or-e1650994357381.jpg?resize=67%2C67&#038;ssl=1\" alt=\"\" srcset=\"https:\/\/i0.wp.com\/tachyons-coeurdebourgogne.com\/wp-content\/uploads\/2022\/04\/cropped-cropped-fleur-de-vie-or-e1650994357381.jpg?w=67&amp;ssl=1 67w, https:\/\/i0.wp.com\/tachyons-coeurdebourgogne.com\/wp-content\/uploads\/2022\/04\/cropped-cropped-fleur-de-vie-or-e1650994357381.jpg?resize=35%2C35&amp;ssl=1 35w\" sizes=\"auto, (max-width: 67px) 100vw, 67px\" \/> <strong>Quels types de perceptions peut-on avoir au cours d\u2019une s\u00e9ance ?<\/strong><\/h4>\n\n\n\n<p>Les tachyons vont agir tout d\u2019abord en fonction des besoins les plus importants de la personne. Les ressentis seront donc propre \u00e0 chacun, variant d\u2019une s\u00e9ance \u00e0 l\u2019autre. N\u00e9anmoins les sensations les plus courantes sont li\u00e9es \u00e0 une fluctuation de la respiration, \u00e0 la temp\u00e9rature corporelle et \u00e0 l\u2019apaisement, etc., mais pas uniquement sur le plan physique. &nbsp;&nbsp;<\/p>\n\n\n\n<h4 class=\"wp-block-heading\" id=\"a-qui-sont-destines-les-chambres-a-tachyons-combien-de-seance-et-combien-de-temps\"><img data-recalc-dims=\"1\" loading=\"lazy\" decoding=\"async\" width=\"67\" height=\"67\" class=\"wp-image-67\" style=\"width: 67px;\" src=\"https:\/\/i0.wp.com\/tachyons-coeurdebourgogne.com\/wp-content\/uploads\/2022\/04\/cropped-cropped-fleur-de-vie-or-e1650994357381.jpg?resize=67%2C67&#038;ssl=1\" alt=\"\" srcset=\"https:\/\/i0.wp.com\/tachyons-coeurdebourgogne.com\/wp-content\/uploads\/2022\/04\/cropped-cropped-fleur-de-vie-or-e1650994357381.jpg?w=67&amp;ssl=1 67w, https:\/\/i0.wp.com\/tachyons-coeurdebourgogne.com\/wp-content\/uploads\/2022\/04\/cropped-cropped-fleur-de-vie-or-e1650994357381.jpg?resize=35%2C35&amp;ssl=1 35w\" sizes=\"auto, (max-width: 67px) 100vw, 67px\" \/> <strong>A qui sont destin\u00e9s les chambres \u00e0 tachyons, combien de s\u00e9ance et combien de temps ?<\/strong><\/h4>\n\n\n\n<p>Tout le monde peut faire des s\u00e9ances car il n\u2019existe aucune contre-indication. Pr\u00e9voir 1 heure, m\u00eame si le temps pass\u00e9 dans la chambre ne d\u00e9passe pas 30\u2019 pour les adultes et 15\u2019 pour les enfants de moins de 12 ans.<\/p>\n\n\n\n<p>Pour les personnes n\u2019ayant pas la possibilit\u00e9 de se d\u00e9placer, ou pr\u00e9f\u00e9rant rester \u00e0 domicile, il est possible de travailler \u00e0 distance sur photo (photo r\u00e9cente englobant tout le corps de la t\u00eate au pied, habill\u00e9, nom, pr\u00e9nom et date de naissance) et de vous installer confortablement (lit ou fauteuil) pendant 30\u2019. A distance et sur photo, il est aussi possible de travailler sur les animaux ou les v\u00e9g\u00e9taux. &nbsp;<\/p>\n\n\n\n<p>Un intervalle de 6 heures minimum est n\u00e9cessaire entre chaque s\u00e9ance. Les tachyons d\u00e9clenchent aussi un processus de purification et de d\u00e9sintoxication, qui peut durer quelques jours avec des effets secondaires l\u00e9gers, tels que maux de t\u00eate ou insomnie (ce qui signifie que les toxines quittent rapidement votre corps). C&rsquo;est donc \u00e0 chacun de ressentir \u00e0 quel rythme et combien de s\u00e9ances sont n\u00e9cessaires. Il est toutefois conseill\u00e9 pour profiter au maximum des bienfaits de la chambre de faire entre 3 \u00e0 6 s\u00e9ances.&nbsp;<\/p>\n\n\n\n<h4 class=\"wp-block-heading\" id=\"quelles-ameliorations-peuvent-etre-constatees-apres-quelques-seances\"><img data-recalc-dims=\"1\" loading=\"lazy\" decoding=\"async\" width=\"67\" height=\"67\" class=\"wp-image-67\" style=\"width: 67px;\" src=\"https:\/\/i0.wp.com\/tachyons-coeurdebourgogne.com\/wp-content\/uploads\/2022\/04\/cropped-cropped-fleur-de-vie-or-e1650994357381.jpg?resize=67%2C67&#038;ssl=1\" alt=\"\" srcset=\"https:\/\/i0.wp.com\/tachyons-coeurdebourgogne.com\/wp-content\/uploads\/2022\/04\/cropped-cropped-fleur-de-vie-or-e1650994357381.jpg?w=67&amp;ssl=1 67w, https:\/\/i0.wp.com\/tachyons-coeurdebourgogne.com\/wp-content\/uploads\/2022\/04\/cropped-cropped-fleur-de-vie-or-e1650994357381.jpg?resize=35%2C35&amp;ssl=1 35w\" sizes=\"auto, (max-width: 67px) 100vw, 67px\" \/> <strong>Quelles am\u00e9liorations peuvent \u00eatre constat\u00e9es apr\u00e8s quelques s\u00e9ances&nbsp;?<\/strong><\/h4>\n\n\n\n<p>R\u00e9duction notable du stress, de l\u2019anxi\u00e9t\u00e9, am\u00e9lioration de l\u2019app\u00e9tit, du sommeil, \u00e9nergies r\u00e9\u00e9quilibr\u00e9es, r\u00e9duction sensible des douleurs, des pens\u00e9es n\u00e9gatives, des allergies, sensation d\u2019apaisement, de bien-\u00eatre, augmentation du syst\u00e8me immunitaire, de l\u2019endurance, etc.&nbsp;<\/p>\n\n\n\n<p>Si aucun cr\u00e9neaux horaires ne vous convient, n&rsquo;h\u00e9sitez pas \u00e0 me contacter. Des s\u00e9ances peuvent aussi \u00eatre organis\u00e9es l\u2019apr\u00e8s-midi ou le week-end.&nbsp; Vous voulez en savoir plus, regardez l\u2019interview et la vid\u00e9o ci-dessous sur les chambres \u00e0 tachyon.<\/p>\n\n\n\n<p><a href=\"https:\/\/www.youtube.com\/watch?v=aIbYprT1B90\" target=\"_blank\" rel=\"noreferrer noopener\"> https:\/\/www.youtube.com\/watch?v=aIbYprT1B90<\/a><\/p>\n\n\n\n<figure class=\"wp-block-embed is-type-video is-provider-youtube wp-block-embed-youtube wp-embed-aspect-16-9 wp-has-aspect-ratio\"><div class=\"wp-block-embed__wrapper\">\n<iframe loading=\"lazy\" title=\"#8  Les Chroniques d&#039;Isabel - La chambre \u00e0 Tachyons\" width=\"500\" height=\"281\" src=\"https:\/\/www.youtube.com\/embed\/aIbYprT1B90?feature=oembed\" frameborder=\"0\" allow=\"accelerometer; autoplay; clipboard-write; encrypted-media; gyroscope; picture-in-picture; web-share\" referrerpolicy=\"strict-origin-when-cross-origin\" allowfullscreen><\/iframe>\n<\/div><\/figure>\n\n\n\n<p><\/p>\n\n\n\n<p><strong><u>Avertissement&nbsp;:<\/u><\/strong><\/p>\n\n\n\n<p>La chambre \u00e0 tachyon est un compl\u00e9ment pour un meilleur bien-\u00eatre, elle ne peut pas remplacer un diagnostic ou un traitement m\u00e9dical.<\/p>\n\n\n\n<p><\/p>\n","protected":false},"excerpt":{"rendered":"<p>La chambre \u00e0 tachyons : une nouvelle technologie quantique qui am\u00e9liore tous les niveaux de l&rsquo;\u00eatre. Les tachyons sont des particules subatomiques qui contiennent tout le spectre de la Lumi\u00e8re spirituelle. Elles sont les premi\u00e8res particules cr\u00e9\u00e9es par la Source\/Cr\u00e9ateur au tout d\u00e9but de cet univers. Donc elles sont une connexion directe \u00e0 la Source, [&hellip;]<\/p>\n","protected":false},"author":1,"featured_media":0,"parent":0,"menu_order":0,"comment_status":"closed","ping_status":"closed","template":"","meta":{"om_disable_all_campaigns":false,"_monsterinsights_skip_tracking":false,"_monsterinsights_sitenote_active":false,"_monsterinsights_sitenote_note":"","_monsterinsights_sitenote_category":0,"site-sidebar-layout":"default","site-content-layout":"","ast-site-content-layout":"default","site-content-style":"default","site-sidebar-style":"default","ast-global-header-display":"","ast-banner-title-visibility":"","ast-main-header-display":"","ast-hfb-above-header-display":"","ast-hfb-below-header-display":"","ast-hfb-mobile-header-display":"","site-post-title":"","ast-breadcrumbs-content":"","ast-featured-img":"","footer-sml-layout":"","ast-disable-related-posts":"","theme-transparent-header-meta":"","adv-header-id-meta":"","stick-header-meta":"","header-above-stick-meta":"","header-main-stick-meta":"","header-below-stick-meta":"","astra-migrate-meta-layouts":"default","ast-page-background-enabled":"default","ast-page-background-meta":{"desktop":{"background-color":"var(--ast-global-color-4)","background-image":"","background-repeat":"repeat","background-position":"center center","background-size":"auto","background-attachment":"scroll","background-type":"","background-media":"","overlay-type":"","overlay-color":"","overlay-opacity":"","overlay-gradient":""},"tablet":{"background-color":"","background-image":"","background-repeat":"repeat","background-position":"center center","background-size":"auto","background-attachment":"scroll","background-type":"","background-media":"","overlay-type":"","overlay-color":"","overlay-opacity":"","overlay-gradient":""},"mobile":{"background-color":"","background-image":"","background-repeat":"repeat","background-position":"center center","background-size":"auto","background-attachment":"scroll","background-type":"","background-media":"","overlay-type":"","overlay-color":"","overlay-opacity":"","overlay-gradient":""}},"ast-content-background-meta":{"desktop":{"background-color":"var(--ast-global-color-5)","background-image":"","background-repeat":"repeat","background-position":"center center","background-size":"auto","background-attachment":"scroll","background-type":"","background-media":"","overlay-type":"","overlay-color":"","overlay-opacity":"","overlay-gradient":""},"tablet":{"background-color":"var(--ast-global-color-5)","background-image":"","background-repeat":"repeat","background-position":"center center","background-size":"auto","background-attachment":"scroll","background-type":"","background-media":"","overlay-type":"","overlay-color":"","overlay-opacity":"","overlay-gradient":""},"mobile":{"background-color":"var(--ast-global-color-5)","background-image":"","background-repeat":"repeat","background-position":"center center","background-size":"auto","background-attachment":"scroll","background-type":"","background-media":"","overlay-type":"","overlay-color":"","overlay-opacity":"","overlay-gradient":""}},"footnotes":""},"class_list":["post-14","page","type-page","status-publish","hentry"],"aioseo_notices":[],"jetpack_sharing_enabled":true,"_links":{"self":[{"href":"https:\/\/tachyons-coeurdebourgogne.com\/index.php?rest_route=\/wp\/v2\/pages\/14","targetHints":{"allow":["GET"]}}],"collection":[{"href":"https:\/\/tachyons-coeurdebourgogne.com\/index.php?rest_route=\/wp\/v2\/pages"}],"about":[{"href":"https:\/\/tachyons-coeurdebourgogne.com\/index.php?rest_route=\/wp\/v2\/types\/page"}],"author":[{"embeddable":true,"href":"https:\/\/tachyons-coeurdebourgogne.com\/index.php?rest_route=\/wp\/v2\/users\/1"}],"replies":[{"embeddable":true,"href":"https:\/\/tachyons-coeurdebourgogne.com\/index.php?rest_route=%2Fwp%2Fv2%2Fcomments&post=14"}],"version-history":[{"count":16,"href":"https:\/\/tachyons-coeurdebourgogne.com\/index.php?rest_route=\/wp\/v2\/pages\/14\/revisions"}],"predecessor-version":[{"id":123,"href":"https:\/\/tachyons-coeurdebourgogne.com\/index.php?rest_route=\/wp\/v2\/pages\/14\/revisions\/123"}],"wp:attachment":[{"href":"https:\/\/tachyons-coeurdebourgogne.com\/index.php?rest_route=%2Fwp%2Fv2%2Fmedia&parent=14"}],"curies":[{"name":"wp","href":"https:\/\/api.w.org\/{rel}","templated":true}]}}